hundred thousands digit of 778844120?
8
What is the hundred millions digit of 193165981?
1
What is the units digit of 49426067?
7
What is the millions digit of 44783952?
4
What is the thousands digit of 868996729?
6
What is the ten thousands digit of 103230809?
3
What is the hundreds digit of 4456458848?
8
What is the tens digit of 26387639?
3
What is the tens digit of 271864882?
8
What is the hundreds digit of 3383038065?
0
What is the ten thousands digit of 53547350?
4
What is the hundred millions digit of 411173107?
4
What is the ten thousands digit of 66021202?
2
What is the millions digit of 87312179?
7
What is the hundred thousands digit of 147382820?
3
What is the millions digit of 55727541?
5
What is the units digit of 292289199?
9
What is the hundreds digit of 804281283?
2
What is the ten thousands digit of 23054523?
5
What is the hundred thousands digit of 50078641?
0
What is the tens digit of 51414312?
1
What is the thousands digit of 2062911979?
1
What is the ten thousands digit of 4763052?
6
What is the tens digit of 120401521?
2
What is the ten thousands digit of 37990374?
9
What is the hundred thousands digit of 514262803?
2
What is the hundred millions digit of 969740159?
9
What is the hundreds digit of 141355070?
0
What is the hundred thousands digit of 40587720?
5
What is the ten thousands digit of 355832769?
3
What is the ten thousands digit of 8196414?
9
What is the hundreds digit of 913535101?
1
What is the thousands digit of 896644059?
4
What is the ten thousands digit of 140471857?
7
What is the hundred millions digit of 3797036222?
7
What is the millions digit of 3377493382?
7
What is the thousands digit of 3889702370?
2
What is the hundred millions digit of 198605240?
1
What is the ten thousands digit of 667865590?
6
What is the ten thousands digit of 28394132?
9
What is the hundred thousands digit of 67417370?
4
What is the ten millions digit of 201732810?
0
What is the ten thousands digit of 441494306?
9
What is the ten thousands digit of 766107221?
0
What is the hundred millions digit of 405690654?
4
What is the millions digit of 25402661?
5
What is the millions digit of 135333554?
5
What is the ten millions digit of 283191557?
8
What is the hundred millions digit of 956255503?
9
What is the ten thousands digit of 413908343?
0
What is the thousands digit of 2725284517?
4
What is the millions digit of 26364712?
6
What is the billions digit of 1002559861?
1
What is the hundreds digit of 46120279?
2
What is the ten millions digit of 245147064?
4
What is the tens digit of 3688038?
3
What is the units digit of 5379428457?
7
What is the hundreds digit of 131302096?
0
What is the millions digit of 30748964?
0
What is the ten thousands digit of 9078930?
7
What is the hundreds digit of 587978585?
5
What is the ten millions digit of 492090756?
9
What is the ten millions digit of 121954330?
2
What is the tens digit of 39347642?
4
What is the ten thousands digit of 290216236?
1
What is the hundred millions digit of 995495605?
9
What is the tens digit of 17032226?
2
What is the ten thousands digit of 527136140?
3
What is the tens digit of 689381712?
1
What is the ten thousands digit of 740464537?
6
What is the hundreds digit of 5528681?
6
What is the billions digit of 6456900254?
6
What is the hundreds digit of 1258168076?
0
What is the hundred millions digit of 877777869?
8
What is the thousands digit of 31302228?
2
What is the ten millions digit of 86356486?
8
What is the ten millions digit of 296362119?
9
What is the hundred thousands digit of 116408639?
4
What is the thousands digit of 8177083?
7
What is the ten thousands digit of 4489949892?
4
What is the hundred thousands digit of 6890540?
8
What is the hundred millions digit of 664567250?
6
What is the hundreds digit of 144201861?
8
What is the ten thousands digit of 2571488901?
8
What is the millions digit of 332784288?
2
What is the millions digit of 108934551?
8
What is the hundred thousands digit of 482685175?
6
What is the hundred thousands digit of 103877789?
8
What is the hundred thousands digit of 791762411?
7
What is the hundred thousands digit of 42766301?
7
What is the millions digit of 832930271?
2
What is the thousands digit of 106119735?
9
What is the ten thousands digit of 69695319?
9
What is the ten millions digit of 1331931605?
3
What is the thousands digit of 898205405?
5
What is the thousands digit of 80189966?
9
What is the hundred millions digit of 567344848?
5
What is the billions digit of 2253252616?
2
What is the hundreds digit of 49074414?
4
What is the ten thousands digit of 672824119?
2
What is the hundred thousands digit of 18700905?
7
What is the tens digit of 14718917?
1
What is the ten millions digit of 703599583?
0
What is the ten thousands digit of 854390274?
9
What is the hundred millions digit of 352179974?
3
What is the ten millions digit of 5963194134?
6
What is the millions digit of 75091032?
5
What is the millions digit of 68197557?
8
What is the hundred millions digit of 1311673832?
3
What is the ten thousands digit of 155962341?
6
What is the ten thousands digit of 44773355?
7
What is the hundreds digit of 840807373?
3
What is the ten thousands digit of 4453382825?
8
What is the millions digit of 25636027?
5
What is the ten thousands digit of 4171056?
7
What is the hundred thousands digit of 126235842?
2
What is the ten thousands digit of 1646555070?
5
What is the millions digit of 45781207?
5
What is the hundred thousands digit of 71370338?
3
What is the ten millions digit of 60138702?
6
What is the millions digit of 25886296?
5
What is the thousands digit of 61462619?
2
What is the hundreds digit of 983919116?
1
What is the hundred thousands digit of 7028118436?
1
What is the thousands digit of 2720248916?
8
What is the hundreds digit of 34093500?
5
What is the hundreds digit of 95972718?
7
What is the hundred millions digit of 1550802125?
5
What is the units digit of 700900865?
5
What is the thousands digit of 778562455?
2
What is the hundred thousands digit of 17025503?
0
What is the hundred millions digit of 5645539039?
6
What is the ten millions digit of 492072389?
9
What is the millions digit of 37503257?
7
What is the hundred thousands digit of 158901335?
9
What is the millions digit of 368424341?
8
What is the ten millions digit of 433686712?
3
What is the tens digit of 2165855?
5
What is the tens digit of 154255053?
5
What is the hundred millions digit of 138470576?
1
What is the thousands digit of 7041517883?
7
What is the ten thousands digit of 89212012?
1
What is the hundreds digit of 685931959?
9
What is the thousands digit of 895047956?
7
What is the ten millions digit of 92111088?
9
What is the millions digit of 1136979461?
6
What is the millions digit of 482807739?
2
What is the ten thousands digit of 2622627?
2
What is the units digit of 388530210?
0
What is the ten millions digit of 79261679?
7
What is the hundred thousands digit of 89396350?
3
What is the billions digit of 2270493494?
2
What is the millions digit of 139085726?
9
What is the thousands digit of 892521986?
1
What is the hundred thousands digit of 519218551?
2
What is the ten millions digit of 265657029?
6
What is the ten millions digit of 7762492461?
6
What is the billions digit of 1092823831?
1
What is the millions digit of 270251185?
0
What is the units digit of 190449081?
1
What is the ten thousands digit of 2833770820?
7
What is the ten thousands digit of 1703740916?
4
What is the units digit of 2642942984?
4
What is the thousands digit of 1569710094?
0
What is the ten thousands digit of 61800559?
0
What is the hundred thousands digit of 775449867?
4
What is the thousands digit of 27241364?
1
What is the ten millions digit of 3374097587?
7
What is the ten thousands digit of 244471447?
7
What is the thousands digit of 50720812?
0
What is the units digit of 865378144?
4
What is the millions digit of 105175791?
5
What is the units digit of 2397173906?
6
What is the tens digit of 533020338?
3
What is the ten millions digit of 2076469523?
7
What is the units digit of 83937837?
7
What is the ten thousands digit of 845569228?
6
What is the hundreds digit of 6685489092?
0
What is the units digit of 153231337?
7
What is the units digit of 510233521